97594 - 87969 = -29*g. List the prime factors of g.
43, 229
Suppose -k + 739 = 5*z, 7*z - 3*k = 6*z + 135. Suppose z*f - 2345 = 142*f. What are the prime factors of f?
7, 67
Let z be 0/(-2 + (0 - -4)) + 4. Suppose -z*j + 55 = v - 3*j, 0 = -v - 2*j + 53. What are the prime factors of v?
3, 19
Suppose -61 = -a - 66, 3*f - 3*a = 81621. List the prime factors of f.
2, 7, 29, 67
Suppose 5*n + 4*a - 111113 = 0, 16*n - 13*n = 5*a + 66653. List the prime factors of n.
3, 823
Let y(f) = 17*f**2 + 37 + 2*f + 28*f + 26*f - 33*f + f**3. List the prime factors of y(-14).
3, 101
Let n be 0*(0 + 4/(-12)). Let x = 77 + 299. Suppose 3*i - 2*o - x = 0, n = -5*i - 0*o - 2*o + 600. What are the prime factors of i?
2, 61
Let p = -24567 + 37499. What are the prime factors of p?
2, 53, 61
Let r = 780 - 780. Suppose -p + l + 1603 = r, -l + 11 = 8. What are the prime factors of p?
2, 11, 73
Let m(w) = -12*w**3 + 11*w**3 - 19 - 5*w**2 + 0*w**2 - 13*w - 7*w**2. Let f be m(-11). What are the prime factors of -66*f/(-6)*3?
3, 11
Let c = 20304 + 29292. List the prime factors of c.
2, 3, 4133
Suppose -138641 = -20*y + 99089 + 68270. List the prime factors of y.
2, 3, 5, 17
Suppose 202953 = 28*y + 42429. What are the prime factors of y?
3, 7, 13
Let t be ((-154)/21)/((-4)/6792). Suppose t = 33*y - 11*y. List the prime factors of y.
2, 283
Let x = 69 - 69. Suppose 3*i - f = -x*f + 1011, 2*f - 330 = -i. Let s = i + -124. What are the prime factors of s?
2, 53
Suppose -9 = -3*c, -9*n - 3*c + 239 = -4*n. Suppose -n*u + 61*u - 4530 = 0. List the prime factors of u.
2, 151
Let w(n) = 62*n**2 + 18*n + 9. Let d be w(6). List the prime factors of ((-67)/(-3))/(27/d).
29, 67
Let f(c) = -3*c + 16. Let x(h) = 2097 + h - 2097. Let q(r) = 2*f(r) + 2*x(r). What are the prime factors of q(7)?
2
Let g(l) = 3*l**2 - 68*l - 249. What are the prime factors of g(32)?
647
Let m = 6 - -317. What are the prime factors of m*((0/5 - -4) + -3)?
17, 19
Let q be 1/3 - (-3512)/12. Suppose -5*d + 289 = 4*a, -a - 2*a + q = 5*d. Suppose d*p - 356 = 59*p. List the prime factors of p.
2, 89
Suppose -51*k + 64 = -19*k. Suppose l - k*n - 1029 = 0, -4*l - 4129 = -8*l - 5*n. What are the prime factors of l?
1031
Suppose -94*f + 4990 = -89*f + 5*q, -4984 = -5*f - 2*q. What are the prime factors of f?
2, 3, 83
Let l be ((-112)/14 - -21) + (0 - -5). Suppose l*k - 14*k = -12, -n = 2*k - 1315. What are the prime factors of n?
1321
Let w be 3*1*(-76)/(-6). Let t(d) = d**3 + 2*d + 10. Let p be t(-2). Let a = p + w. What are the prime factors of a?
2, 3
Let q(a) be the third derivative of a**6/60 - 23*a**5/60 + 7*a**4/12 + 13*a**3/3 - 45*a**2. What are the prime factors of q(11)?
59
Suppose 1375*m - 1402*m = -270189. List the prime factors of m.
10007
Let i be -3 + (-652)/20 + (-6)/(-10). Let m = 40 + i. Suppose 0 = 3*t - 4*z - 2, -2*t + 3 + 6 = m*z. What are the prime factors of t?
2
Suppose -4453 = -2*q + p, 2*p - 7*p + 2210 = q. Let t = q - 870. What are the prime factors of t?
5, 271
Let p be (-2)/12 - (-1)/6. Suppose 9*c + 11 - 20 = p. Let h(y) = 87*y**3 - 1. List the prime factors of h(c).
2, 43
Let t = 180 + -188. What are the prime factors of 191*1/(t/(-40))?
5, 191
Let h(f) be the first derivative of 13*f**3/3 + f**2/2 + 12*f + 3. Let y be 84/(-36) + (-2)/3. What are the prime factors of h(y)?
2, 3, 7
Let o be (-90)/(-11) + 10/(-55). Let u = 459 - o. What are the prime factors of u?
11, 41
Suppose -12979 = -3*q - 4*k, -q - k + 4329 = 3*k. List the prime factors of q.
5, 173
Let q = 109248 - 48438. What are the prime factors of q?
2, 3, 5, 2027
Suppose -129430 = -20*p - 24364 + 174494. What are the prime factors of p?
2, 29, 241
Suppose -8*n - 20 = -18*n. Suppose v = -4*c - n*v + 1226, -c + 297 = -4*v. List the prime factors of c.
5, 61
Let g = -406 - -400. What are the prime factors of (3 - -3 - 4) + -5 - g?
3
Suppose 0 = -3*h + 25 + 131. Suppose -h = -t + 228. Suppose -35 = -p + 4*c, -5*p - 30 = -5*c - t. List the prime factors of p.
5, 11
Let i(a) = 992*a**2 - 5*a + 10. Let r be i(-3). Suppose 329*j - 322*j - r = 0. List the prime factors of j.
1279
Suppose 12*v + 3726352 = 110*v. List the prime factors of v.
2, 7, 97
Let p be 4*2/(-4) - (-3)/(-3). Let x be 1*(15/p)/5. What are the prime factors of (18/(-12))/(x/62)?
3, 31
What are the prime factors of (-88)/(-220) + 33676/10?
2, 421
Suppose -122 + 110 = -3*q. Suppose -q*n - 3*x = -272, x - 136 = -2*n - 0*n. What are the prime factors of n?
2, 17
Let y(b) be the first derivative of -12*b**2 + 19*b - 32. List the prime factors of y(-12).
307
Suppose 6 = 2*d - 2*y, d - 6 = 3*y - 3. Suppose d*l = -l - 1028. Let b = 482 + l. List the prime factors of b.
3, 5
Let n(m) be the second derivative of -7*m**3/6 - 9*m**2 - 3*m. Let z be n(8). Let b = -13 - z. What are the prime factors of b?
61
Let w be ((-8)/16)/((-1 - -3)/(-2404)). Suppose -33*o + 12316 = w. List the prime factors of o.
5, 71
Suppose 14*s = 8*s + 3288. Let o = 808 - s. What are the prime factors of o?
2, 5, 13
Let i be -1 + 3543/5 - 195/325. Suppose -1800 = -5*z - 4*d, 2*z = -2*d + 3*d + i. What are the prime factors of z?
2, 89
Suppose 0 = -626*a - 4125715 + 11870587. List the prime factors of a.
2, 3, 1031
Let t be 33/(-5) + (-6)/(-10). What are the prime factors of (-4)/t + 7651/21 + 0?
5, 73
Suppose 6007 = 7*d - 5025. What are the prime factors of (-4)/6*(-5 - d/16)?
3, 23
Let a = 1647 + -353. Let v = -839 + a. What are the prime factors of v?
5, 7, 13
Let h = 207 + 1763. Let l = h + -944. List the prime factors of l.
2, 3, 19
Suppose -26 = 4*m - 134. Suppose -4*i + k + 3*k + 24 = 0, -5*i + m = -2*k. Suppose -4*n - 62 = -i*n. List the prime factors of n.
2, 31
Let m(a) be the second derivative of -a**4/2 + 10*a**3/3 + 5*a**2 + 6*a. Let o be m(7). What are the prime factors of ((-4)/1)/4 + o/(-2)?
71
Suppose -48*z = -7184 + 23696. Suppose i = -156 - 40. Let x = i - z. List the prime factors of x.
2, 37
Let x(v) = 3*v**3 - 3*v**2 + 11*v + 38. Let r(k) = 11*k**3 - 10*k**2 + 33*k + 114. Let w(o) = -2*r(o) + 7*x(o). List the prime factors of w(-4).
2, 3, 7
Suppose -1054*k + 10504 - 206959 = -1069*k. What are the prime factors of k?
7, 1871
Let d = 3683 + 1007. Suppose 0 = 10*v - 0*v - d. List the prime factors of v.
7, 67
Let s(m) = m**2 + 10*m + 4671. What are the prime factors of s(0)?
3, 173
Let y(a) = -64*a - 2689. List the prime factors of y(-83).
43, 61
What are the prime factors of ((-18)/15)/(((-210)/3547250)/(4/10))?
2, 2027
Let v = 35 - -371. Suppose -3*a + v = y - 159, -2*y + 2*a = -1098. List the prime factors of y.
7, 79
Suppose -18*x - 39 = -93. Suppose 0 = 2*b - 2*z - 476, -b + 247 - 21 = x*z. What are the prime factors of b?
5, 47
Let m(z) = -z**3 + 9*z**2 + 72*z - 14. What are the prime factors of m(-14)?
2, 3, 7, 83
Let z(o) = 1165*o - 5157. List the prime factors of z(54).
3, 23, 31
Let i = -566 + 570. Suppose -5*t - 5*v - 1029 = -3229, -4*v = -3*t + 1327. Suppose i*h - h - t = 0. What are the prime factors of h?
3, 7
Suppose 2*p = 2*u + 14, -4*p + 3*p - 4*u + 17 = 0. What are the prime factors of (240/p*-2)/((-1)/3)?
2, 5
Suppose -4*s + s = -3*h - 339, -3*h + 4*s = 341. Let o = h - -249. List the prime factors of o.
2, 3, 23
Let g(c) = -731*c + 28. Let d(s) = 1468*s - 56. Let h(w) = -4*d(w) - 7*g(w). List the prime factors of h(-2).
2, 769
What are the prime factors of (-1793568)/252*(-6)/8?
2, 17, 157
Let q be (1 + -21)/(-5)*-1. Let a(h) = -139*h - 9. Let j be a(q). Suppose j + 37 = 8*v. What are the prime factors of v?
73
Suppose 2*n = j + 598, 0 = -2*n + 4*j + 532 + 78. Suppose -4*h + 27 = -n. What are the prime factors of h?
3
Suppose 4*c - 5*b = 2334, -5*c + 583 = -4*c - b. Let u = c + -379. List the prime factors of u.
2, 101
Let t = 38 - 44. List the prime factors of t/(-15) - (-5944)/40.
149
Suppose -3*y - y = 4*l + 52, -4*y = -l + 62. Let c = y + -13. What are the prime factors of (-107)/(-1) - c/(-28)?
2, 53
Let u(z) = z**2 + 6*z + 7. Let y be u(-1). Suppose -2*m + y*f = -400, -4*m + 824 = -0*m + 4*f. List the prime factors of m.
7, 29
Let o = -97 - -141. Suppose -65*r = -o*r - 25368. What are the prime factors of r?
2, 151
Suppose -3*w = 6, -3*w - 1 = x + w. Suppose -4*c = -x*c. Suppose 3*a = -c*a + 39. List the prime factors of a.
13
Let s(g) = 14*g**2 + 5*g - 5. Let 